{"id":39296,"date":"2021-09-18T20:47:09","date_gmt":"2021-09-18T18:47:09","guid":{"rendered":"https:\/\/www.aloa.hu\/about\/"},"modified":"2024-07-10T18:53:00","modified_gmt":"2024-07-10T16:53:00","slug":"about","status":"publish","type":"page","link":"https:\/\/www.aloa.hu\/?page_id=39296","title":{"rendered":"Magunkr\u00f3l"},"content":{"rendered":"\n<h3 class=\"wp-block-heading\"><strong>C\u00e9lunk<\/strong><\/h3>\n\n\n\n<p>Megismert\u00fcnk t\u00f6bb Network Marketing c\u00e9get \u00e9s nem tetszett, hogy mindenkit \u00fczleti partnernek akarnak beszervezni.<\/p>\n\n\n\n<p>Ugyanakkor mindenki csak \u00e9s kiz\u00e1r\u00f3lag a saj\u00e1t term\u00e9keit terjeszti \u00e9s nincs \u00e1ttekint\u00e9s a m\u00e1s rendszerekben el\u00e9rhet\u0151 term\u00e9kekr\u0151l, r\u00e1ad\u00e1sul az \u00e1rakat sem lehet \u00f6sszehasonl\u00edtani.<\/p>\n\n\n\n<p>Ez ut\u00f3bbira mi sem v\u00e1llalkozunk, de megmutatjuk az egyes probl\u00e9m\u00e1kkal kapcsolatos lehet\u0151s\u00e9gek t\u00f6bb oldal\u00fa megold\u00e1sait.<\/p>\n\n\n\n<p><\/p>\n\n\n\n<h3 class=\"wp-block-heading\"><strong>V\u00edzi\u00f3nk<\/strong><\/h3>\n\n\n\n<p>Juss el az eg\u00e9szs\u00e9gesebb \u00e9lethez a p\u00e9nzt\u00e1rc\u00e1dhoz legjobban ill\u0151 term\u00e9kkel.<\/p>\n\n\n\n<p>Mi jelenleg 6+1 rendszert mutatunk, ahol egyszer\u0171 v\u00e1s\u00e1rl\u00f3k\u00e9nt tudod megvenni a j\u00f3 min\u0151s\u00e9g\u0171 term\u00e9keket.&nbsp;<\/p>\n\n\n\n<p>Ugyanakkor az eg\u00e9szs\u00e9gi \u00e1llapotod v\u00e1ltoz\u00e1s\u00e1t is seg\u00edt\u00fcnk figyelemmel k\u00eds\u00e9rni.<\/p>\n\n\n\n<p>Itt alul tal\u00e1lsz egy kupont egy eg\u00e9szs\u00e9gi \u00e1llapot felm\u00e9r\u00e9sre.<\/p>\n\n\n\n<p><\/p>\n\n\n\n<h3 class=\"wp-block-heading\"><strong>Mi\u00e9rt?<\/strong><\/h3>\n\n\n\n<p>Mindenki szeretne eg\u00e9szs\u00e9ges term\u00e9keket fogyasztani, hisz a napi programjainak alapja az, hogy teljesen eg\u00e9szs\u00e9gesek vagyunk, \u00e9s nem azon kell gondolkodni, hogy mikor jutunk el az orvoshoz.<br><br>Az a c\u00e9lunk, hogy megmutassuk az eg\u00e9szs\u00e9ges term\u00e9keket el\u00e9rhet\u0151 \u00e1ron.<br><br>Tedd fel a k\u00e9rd\u00e9st magadban:<br><strong>Mi jut eszedbe egy j\u00f3 min\u0151s\u00e9g\u0171 term\u00e9kr\u0151l, amit MLM, vagy Network Marketing rendszerben lehet csak megvenni?<\/strong><br><br><br>Ugye, ugye? H\u00e1t az hogy&nbsp;<strong>DR\u00c1GA<\/strong>, \u00e9n ezt nem engedhetem meg magamnak.<\/p>\n\n\n\n<p><br>Mi ezen szeretn\u00e9nk v\u00e1ltoztatni \u00fagy, hogy megmutatjuk, hol tudod a megfelel\u0151 hat\u00f3anyagot a legkedvez\u0151bben megvenni \u00e9s ezzel a szervezetedet meger\u0151s\u00edteni.<br><br>Ugyanakkor nem csak az \u00e9trend kieg\u00e9sz\u00edt\u0151ket mutatjuk meg neked, hanem a szem\u00e9lyes higi\u00e9niai \u00e9s h\u00e1ztart\u00e1sban haszn\u00e1latos egy\u00e9b term\u00e9keket is. &nbsp;<\/p>\n\n\n\n<p><strong>El\u0151sz\u00f6r fel kell m\u00e9rni az eg\u00e9szs\u00e9gi \u00e1llapotodat. Ehhez itt tudsz id\u0151pontot egyeztetni:\u00a0<a href=\"https:\/\/felmeres.youcanbook.me\/\">https:\/\/felmeres.youcanbook.me\/<\/a><\/strong><\/p>\n\n\n\n\n\n<figure class=\"wp-block-image size-full\"><img loading=\"lazy\" decoding=\"async\" width=\"793\" height=\"371\" src=\"https:\/\/www.aloa.hu\/wp-content\/uploads\/2021\/12\/Kupon-alap-2021-tol_.jpg\" alt=\"\" class=\"wp-image-39711\" srcset=\"https:\/\/www.aloa.hu\/wp-content\/uploads\/2021\/12\/Kupon-alap-2021-tol_.jpg 793w, https:\/\/www.aloa.hu\/wp-content\/uploads\/2021\/12\/Kupon-alap-2021-tol_-300x140.jpg 300w, https:\/\/www.aloa.hu\/wp-content\/uploads\/2021\/12\/Kupon-alap-2021-tol_-768x359.jpg 768w\" sizes=\"auto, (max-width: 793px) 100vw, 793px\" \/><figcaption class=\"wp-element-caption\"><a href=\"https:\/\/felmeres.youcanbook.me\/\" target=\"_blank\" rel=\"noreferrer noopener\"><strong>ITT TUDSZ JELENTKEZNI!<\/strong><\/a><\/figcaption><\/figure>\n\n\n\n<p><\/p>\n","protected":false},"excerpt":{"rendered":"<p>C\u00e9lunk Megismert\u00fcnk t\u00f6bb Network Marketing c\u00e9get \u00e9s nem tetszett, hogy mindenkit \u00fczleti partnernek akarnak beszervezni. Ugyanakkor mindenki csak \u00e9s kiz\u00e1r\u00f3lag a saj\u00e1t term\u00e9keit terjeszti \u00e9s nincs \u00e1ttekint\u00e9s a m\u00e1s rendszerekben el\u00e9rhet\u0151 term\u00e9kekr\u0151l, r\u00e1ad\u00e1sul az \u00e1rakat sem lehet \u00f6sszehasonl\u00edtani. Ez ut\u00f3bbira mi sem v\u00e1llalkozunk, de megmutatjuk az egyes probl\u00e9m\u00e1kkal kapcsolatos lehet\u0151s\u00e9gek t\u00f6bb oldal\u00fa megold\u00e1sait. V\u00edzi\u00f3nk Juss [&hellip;]<\/p>\n","protected":false},"author":1,"featured_media":0,"parent":0,"menu_order":0,"comment_status":"closed","ping_status":"closed","template":"","meta":{"footnotes":""},"class_list":["post-39296","page","type-page","status-publish","hentry"],"_links":{"self":[{"href":"https:\/\/www.aloa.hu\/index.php?rest_route=\/wp\/v2\/pages\/39296","targetHints":{"allow":["GET"]}}],"collection":[{"href":"https:\/\/www.aloa.hu\/index.php?rest_route=\/wp\/v2\/pages"}],"about":[{"href":"https:\/\/www.aloa.hu\/index.php?rest_route=\/wp\/v2\/types\/page"}],"author":[{"embeddable":true,"href":"https:\/\/www.aloa.hu\/index.php?rest_route=\/wp\/v2\/users\/1"}],"replies":[{"embeddable":true,"href":"https:\/\/www.aloa.hu\/index.php?rest_route=%2Fwp%2Fv2%2Fcomments&post=39296"}],"version-history":[{"count":26,"href":"https:\/\/www.aloa.hu\/index.php?rest_route=\/wp\/v2\/pages\/39296\/revisions"}],"predecessor-version":[{"id":40090,"href":"https:\/\/www.aloa.hu\/index.php?rest_route=\/wp\/v2\/pages\/39296\/revisions\/40090"}],"wp:attachment":[{"href":"https:\/\/www.aloa.hu\/index.php?rest_route=%2Fwp%2Fv2%2Fmedia&parent=39296"}],"curies":[{"name":"wp","href":"https:\/\/api.w.org\/{rel}","templated":true}]}}