{"id":39344,"date":"2021-09-18T20:47:09","date_gmt":"2021-09-18T18:47:09","guid":{"rendered":"https:\/\/www.aloa.hu\/home\/"},"modified":"2022-01-04T12:53:10","modified_gmt":"2022-01-04T11:53:10","slug":"home","status":"publish","type":"page","link":"https:\/\/www.aloa.hu\/?page_id=39344","title":{"rendered":"Kezd\u0151lap"},"content":{"rendered":"\n<div class=\"wp-block-group\"><div class=\"wp-block-group__inner-container is-layout-flow wp-block-group-is-layout-flow\"><\/div><\/div>\n\n\n\n<h2 class=\"wp-block-heading\"><strong>Szeretettel \u00fcdv\u00f6z\u00f6llek!<\/strong><\/h2>\n\n\n\n<p><\/p>\n\n\n\n<p><strong>Sikl\u00f3si L\u00e1szl\u00f3 vagyok. \u00c9vek \u00f3ta foglalkozom az eg\u00e9szs\u00e9ges \u00e9letre b\u00edztat\u00e1ssal.<\/strong><\/p>\n\n\n\n<p>Az\u00e9rt b\u00edztat\u00e1ssal, mert neh\u00e9z r\u00e1venni az embereket az eg\u00e9szs\u00e9gesebb \u00e9letm\u00f3d el\u00e9r\u00e9s\u00e9re. Nem csak \u00e9tkez\u00e9si szok\u00e1saidat c\u00e9lszer\u0171 megv\u00e1ltoztatni, hanem t\u00f6bbet kell mozogni is, k\u00fcl\u00f6n\u00f6sen azoknak, akik abbahagytak egy kor\u00e1bban rendszeresen v\u00e9gzett sporttev\u00e9kenys\u00e9get.<\/p>\n\n\n\n<p>N\u00e9h\u00e1ny hasonl\u00f3an gondolkod\u00f3val egy\u00fctt most egy \u00fajabb, egyedi megold\u00e1st kezd\u00fcnk elterjeszteni.<\/p>\n\n\n\n<p>Hogy pontosabban meg tudjuk mutatni, hol van elt\u00e9r\u00e9s, anom\u00e1lia a szervezetedben, egy k\u00ednaiak \u00e1ltal kital\u00e1lt eszk\u00f6zzel, m\u00f3dszerrel\u00a0<a href=\"https:\/\/felmeres.youcanbook.me\/\">test-felm\u00e9r\u00e9st v\u00e9gz\u00fcnk<\/a>, ezzel fogjuk azonos\u00edtani a probl\u00e9m\u00e1kat.<\/p>\n\n\n\n<p><strong>Mindenkinek (\u00e9rtsd: MINDENKINEK) van valamilyen eg\u00e9szs\u00e9g\u00fcgyi gondja, akkor is, ha teljesen eg\u00e9szs\u00e9gesnek \u00e9rzi mag\u00e1t.<\/strong><\/p>\n\n\n\n<p>Alapvet\u0151 c\u00e9lunk, hogy seg\u00edts\u00fcnk \u00fagy elker\u00fclni az orvosi vizitet, hogy rendbe hozzuk az elt\u00e9r\u00e9st. Ha pedig az \u00e9rt\u00e9kek \u00fagy mutatj\u00e1k, javasolni fogjuk az orvos felkeres\u00e9s\u00e9t.<\/p>\n\n\n\n<p>Az oldal tagi r\u00e9sz\u00e9n megtal\u00e1lod a leggyakrabban el\u0151fordul\u00f3 probl\u00e9m\u00e1kkal kapcsolatos, \u00e1ltalunk ismert megold\u00e1si lehet\u0151s\u00e9get.<\/p>\n\n\n\n<p>Mi nem adunk javaslatokat, de a felm\u00e9r\u00e9s alapj\u00e1n a m\u00f3dos\u00edt\u00e1si ir\u00e1nyokat megmutatjuk.<\/p>\n\n\n\n<p>Csak jelentkezz be ott f\u00f6nt (vagy a men\u00fcb\u0151l), vagy csatlakozz!<\/p>\n\n\n\n<p><strong>A test-felm\u00e9r\u00e9sre a k\u00f6vetkez\u0151 helyen tudsz id\u0151pontot foglalni:\u00a0<\/strong><a href=\"https:\/\/felmeres.youcanbook.me\/\"><strong>https:\/\/felmeres.youcanbook.me\/<\/strong><\/a><\/p>\n\n\n\n<figure class=\"wp-block-image size-full\"><img loading=\"lazy\" decoding=\"async\" width=\"793\" height=\"371\" src=\"https:\/\/www.aloa.hu\/wp-content\/uploads\/2021\/12\/Kupon-alap-2021-tol_.jpg\" alt=\"\" class=\"wp-image-39711\" srcset=\"https:\/\/www.aloa.hu\/wp-content\/uploads\/2021\/12\/Kupon-alap-2021-tol_.jpg 793w, https:\/\/www.aloa.hu\/wp-content\/uploads\/2021\/12\/Kupon-alap-2021-tol_-300x140.jpg 300w, https:\/\/www.aloa.hu\/wp-content\/uploads\/2021\/12\/Kupon-alap-2021-tol_-768x359.jpg 768w\" sizes=\"auto, (max-width: 793px) 100vw, 793px\" \/><figcaption><a rel=\"noreferrer noopener\" href=\"https:\/\/felmeres.youcanbook.me\/\" target=\"_blank\"><strong>ITT TUDSZ JELENTKEZNI<\/strong><\/a><\/figcaption><\/figure>\n","protected":false},"excerpt":{"rendered":"<p>Szeretettel \u00fcdv\u00f6z\u00f6llek! Sikl\u00f3si L\u00e1szl\u00f3 vagyok. \u00c9vek \u00f3ta foglalkozom az eg\u00e9szs\u00e9ges \u00e9letre b\u00edztat\u00e1ssal. Az\u00e9rt b\u00edztat\u00e1ssal, mert neh\u00e9z r\u00e1venni az embereket az eg\u00e9szs\u00e9gesebb \u00e9letm\u00f3d el\u00e9r\u00e9s\u00e9re. Nem csak \u00e9tkez\u00e9si szok\u00e1saidat c\u00e9lszer\u0171 megv\u00e1ltoztatni, hanem t\u00f6bbet kell mozogni is, k\u00fcl\u00f6n\u00f6sen azoknak, akik abbahagytak egy kor\u00e1bban rendszeresen v\u00e9gzett sporttev\u00e9kenys\u00e9get. N\u00e9h\u00e1ny hasonl\u00f3an gondolkod\u00f3val egy\u00fctt most egy \u00fajabb, egyedi megold\u00e1st kezd\u00fcnk elterjeszteni. Hogy [&hellip;]<\/p>\n","protected":false},"author":1,"featured_media":0,"parent":0,"menu_order":0,"comment_status":"closed","ping_status":"closed","template":"","meta":{"footnotes":""},"class_list":["post-39344","page","type-page","status-publish","hentry"],"_links":{"self":[{"href":"https:\/\/www.aloa.hu\/index.php?rest_route=\/wp\/v2\/pages\/39344","targetHints":{"allow":["GET"]}}],"collection":[{"href":"https:\/\/www.aloa.hu\/index.php?rest_route=\/wp\/v2\/pages"}],"about":[{"href":"https:\/\/www.aloa.hu\/index.php?rest_route=\/wp\/v2\/types\/page"}],"author":[{"embeddable":true,"href":"https:\/\/www.aloa.hu\/index.php?rest_route=\/wp\/v2\/users\/1"}],"replies":[{"embeddable":true,"href":"https:\/\/www.aloa.hu\/index.php?rest_route=%2Fwp%2Fv2%2Fcomments&post=39344"}],"version-history":[{"count":86,"href":"https:\/\/www.aloa.hu\/index.php?rest_route=\/wp\/v2\/pages\/39344\/revisions"}],"predecessor-version":[{"id":39758,"href":"https:\/\/www.aloa.hu\/index.php?rest_route=\/wp\/v2\/pages\/39344\/revisions\/39758"}],"wp:attachment":[{"href":"https:\/\/www.aloa.hu\/index.php?rest_route=%2Fwp%2Fv2%2Fmedia&parent=39344"}],"curies":[{"name":"wp","href":"https:\/\/api.w.org\/{rel}","templated":true}]}}