{"id":39355,"date":"2021-09-20T15:19:47","date_gmt":"2021-09-20T13:19:47","guid":{"rendered":"https:\/\/www.aloa.hu\/membership-join\/"},"modified":"2022-01-07T11:24:22","modified_gmt":"2022-01-07T10:24:22","slug":"membership-join","status":"publish","type":"page","link":"https:\/\/www.aloa.hu\/?page_id=39355","title":{"rendered":"Csatlakozz!"},"content":{"rendered":"\n<p><\/p>\n\n\n\n<p><strong>Klikkelj ide a gombra \u00e9s regisztr\u00e1lj!&nbsp;<\/strong><\/p>\n\n\n\n<p><strong>Figyelem, a regisztr\u00e1ci\u00f3val hozz\u00e1j\u00e1rulsz adataid GDPR szerinti kezel\u00e9s\u00e9hez!<\/strong><\/p>\n\n\n\n<div class=\"wp-block-image\"><figure class=\"aligncenter size-full is-resized\"><a href=\"https:\/\/www.aloa.hu\/?page_id=39435\"><img loading=\"lazy\" decoding=\"async\" src=\"https:\/\/www.aloa.hu\/wp-content\/uploads\/2021\/11\/Zold-gomb-Reg.jpg\" alt=\"Regisztr\u00e1l\u00e1s\" class=\"wp-image-39667\" width=\"221\" height=\"74\" srcset=\"https:\/\/www.aloa.hu\/wp-content\/uploads\/2021\/11\/Zold-gomb-Reg.jpg 935w, https:\/\/www.aloa.hu\/wp-content\/uploads\/2021\/11\/Zold-gomb-Reg-300x101.jpg 300w, https:\/\/www.aloa.hu\/wp-content\/uploads\/2021\/11\/Zold-gomb-Reg-768x260.jpg 768w\" sizes=\"auto, (max-width: 221px) 100vw, 221px\" \/><\/a><\/figure><\/div>\n","protected":false},"excerpt":{"rendered":"<p>Klikkelj ide a gombra \u00e9s regisztr\u00e1lj!&nbsp; Figyelem, a regisztr\u00e1ci\u00f3val hozz\u00e1j\u00e1rulsz adataid GDPR szerinti kezel\u00e9s\u00e9hez!<\/p>\n","protected":false},"author":1,"featured_media":0,"parent":0,"menu_order":0,"comment_status":"closed","ping_status":"closed","template":"","meta":{"footnotes":""},"class_list":["post-39355","page","type-page","status-publish","hentry"],"_links":{"self":[{"href":"https:\/\/www.aloa.hu\/index.php?rest_route=\/wp\/v2\/pages\/39355","targetHints":{"allow":["GET"]}}],"collection":[{"href":"https:\/\/www.aloa.hu\/index.php?rest_route=\/wp\/v2\/pages"}],"about":[{"href":"https:\/\/www.aloa.hu\/index.php?rest_route=\/wp\/v2\/types\/page"}],"author":[{"embeddable":true,"href":"https:\/\/www.aloa.hu\/index.php?rest_route=\/wp\/v2\/users\/1"}],"replies":[{"embeddable":true,"href":"https:\/\/www.aloa.hu\/index.php?rest_route=%2Fwp%2Fv2%2Fcomments&post=39355"}],"version-history":[{"count":21,"href":"https:\/\/www.aloa.hu\/index.php?rest_route=\/wp\/v2\/pages\/39355\/revisions"}],"predecessor-version":[{"id":39768,"href":"https:\/\/www.aloa.hu\/index.php?rest_route=\/wp\/v2\/pages\/39355\/revisions\/39768"}],"wp:attachment":[{"href":"https:\/\/www.aloa.hu\/index.php?rest_route=%2Fwp%2Fv2%2Fmedia&parent=39355"}],"curies":[{"name":"wp","href":"https:\/\/api.w.org\/{rel}","templated":true}]}}